 + z**2 + z. Let t(a) = 3*a - 1. Let r be t(-1). Determine c(r).
-10
Let z = 3 + -7. Let a(o) = -4*o - 2. Let b(j) = 5*j + 3. Let y(u) = 6*a(u) + 5*b(u). Give y(z).
-1
Let x(w) = -w + 9. Let r be x(8). Let y be (3 - r)/((-6)/15). Let z(m) = 4*m**3 - 2 + 4*m**2 - 1 - 7*m + 0*m**3 - 3*m**3. What is z(y)?
7
Let j = 4 + 0. Let i(v) be the third derivative of 0*v + 1/12*v**5 + 0 + 1/12*v**j - 1/6*v**3 - 2*v**2. What is i(1)?
6
Let l(s) = -s**3 + 3*s**2 - s - 4. Let k be 3/(-4) + 105/28. Calculate l(k).
-7
Let l(z) be the third derivative of z**6/240 - z**5/120 - z**4/8 + 3*z**2. Let v(i) be the second derivative of l(i). Calculate v(1).
2
Let h(o) = o**2 + 12*o + 16. Let k be h(-11). Let a(x) = 2*x**2 + 2*x - 5. Let y(t) = -t**2 + t + 1. Let d(j) = -a(j) - 3*y(j). Determine d(k).
2
Suppose 2*l + n + 11 = 4*l, -4*l = -4*n - 32. Let a(z) = z**3 + 2*z**2 + 2*z + 5. Let o(m) = 3*m**3 + 4*m**2 + 4*m + 11. Let f(q) = -5*a(q) + 2*o(q). Give f(l).
0
Let m = 71 - 69. Let y = 13 - 8. Suppose -2*v - m*v = -y*s + 9, -2*s - 2*v = -18. Let h(o) = -o**3 + 6*o**2 - 6*o - 4. What is h(s)?
-9
Let w(d) = 8 + 2 - 7*d + 6*d - 2. What is w(0)?
8
Let x = -27 - -31. Let m(w) = -w + 3. Determine m(x).
-1
Let z(s) = -s**2 + 7*s + 7. Let v = -9 - -11. Let h(n) = n**2 + n. Let w be h(v). Determine z(w).
13
Let x(a) be the third derivative of -a**6/120 - a**5/20 + a**4/12 - a**3/3 + 2*a**2. Let o be x(-4). Let v(b) = b**2 - 7*b + 9. Calculate v(o).
3
Let m = -51 - -54. Let f(n) = n**3 - n**2 + n - 1. Calculate f(m).
20
Suppose 5*c = -2*s + 25, c - 28 = 2*s - 7*s. Let g(a) = -2. Let x(l) = l - 3. Let f(i) = c*x(i) - 2*g(i). Calculate f(4).
7
Let c = 46 - 49. Let x(a) = -3*a + 4*a**2 + a - 5*a**2 - 2. What is x(c)?
-5
Suppose 5*d + 8 = 4*d. Let o = d - -13. Suppose 0*w = -o*w. Let s(z) = -z - 9. Calculate s(w).
-9
Let k(p) = -6 - 4*p + 3*p + 20. Calculate k(7).
7
Let n(g) = 0*g + 0*g - g. Let h(i) = i + 9. Let y be h(-6). Determine n(y).
-3
Let y be (2 - 2)*2/6. Let u(l) = 2*l**2 - 2*l - 12. Let c(t) = -t**2 + t + 6. Let k(n) = -5*c(n) - 2*u(n). Calculate k(y).
-6
Let p(h) = -h + 8. Let m be p(6). Let q(g) = g - 2*g + 1 + 0*g**m - g**3 + 2*g**2. Determine q(3).
-11
Let v(u) be the first derivative of -u**5/120 + u**4/6 + 2*u**3 + 2. Let a(g) be the third derivative of v(g). What is a(5)?
-1
Let l(n) = n + 4. Let h(i) = -2*i - 8. Let c(t) = 4*h(t) + 7*l(t). Let m = -81 + 78. Give c(m).
-1
Let k(m) = m**3 - 5*m**2 + 3. Let r(a) be the first derivative of -a**3/3 + 9*a**2/2 + 5*a + 6. Let b be r(9). Determine k(b).
3
Let k(g) = -12*g. Let l be k(-1). Let h be (l/10)/((-3)/(-15)). Let v(p) = -8 - p**2 + h*p + 3 - 1. Give v(5).
-1
Let h(t) be the first derivative of t**4/4 - 2*t**3/3 - t**2/2 - 3*t - 1. Let w be 2/2*-3*(-5 - -4). Determine h(w).
3
Let g be (-7 - (-4 - 0))*8/6. Let q(u) = -u**2 - 6*u + 5. Calculate q(g).
13
Suppose 4*s + 67 - 19 = 0. Let o be 16/(-6)*s/(-8). Let w(u) be the first derivative of u**4/4 + 4*u**3/3 - u**2 - 3*u + 11. Give w(o).
5
Let r(l) = -l + 1. Let u(v) = v**3 - 6*v**2 - 4*v + 6. Let n(h) = 5*r(h) - u(h). What is n(6)?
-7
Let m(u) = -4*u + 3. Let y(n) = n**2 + 10*n + 7. Suppose -5*r + 2*a - 41 = 0, 5*r + a - 12 = -59. Let v be y(r). Let s be -2 + v + 1 + 5. Give m(s).
-5
Let m(o) = -5*o**2 + o + 2. Let k(x) = -x**2 + 1. Let v(a) = 4*k(a) - m(a). Let u(r) = 5*r + 27. Let g be u(-5). Calculate v(g).
4
Let d(t) = t - 4. Let m(q) be the second derivative of -q**4/12 + 2*q**3/3 + q. Let w(j) = 2*j**2 + 2*j - 1. Let i be w(1). Let z be m(i). What is d(z)?
-1
Let k(l) = 4*l + 11 + l**3 - 5 - 106*l**2 + 111*l**2. What is k(-4)?
6
Suppose 2*m - 4 = 4, 3*q - m + 13 = 0. Let s be (3 + q)*3/6. Let c(o) = o + 10. Determine c(s).
10
Let y be (-8)/(-6)*-3*-2. Let r(g) = -g + g**3 + 3 - y + 2*g - g**2. What is r(0)?
-5
Let m(x) = -9*x**2 + 1. Suppose 0 = 2*n + 3*q - 5, -n - 1 = -4*n + 2*q. What is m(n)?
-8
Let p(o) be the second derivative of 2*o**4/3 - o. Suppose 5*x + 9 - 4 = 0. Calculate p(x).
8
Let i(r) = -6*r**3 - r**2 + 16*r + 16. Suppose -33 = -z - 2*z. Let b(m) = m**3 - 3*m - 3. Let f(l) = z*b(l) + 2*i(l). Give f(-3).
11
Let b be 0/6 + (1 - -1). Let z(d) = -d**2 + 3*d - 2. Calculate z(b).
0
Let h(w) = 9*w. Let k(p) = p**3 - p**2 - 5*p. Let t be k(4). Let y(u) = 49*u. Let j(g) = t*h(g) - 5*y(g). Give j(-1).
-7
Suppose 0 = 3*a + 5*s - 9, 3*a + s - 5 - 4 = 0. Suppose a*m + 2 = 2*g - 20, -4*m = 2*g + 6. Let d(p) = -4*p - 6*p**2 + g*p**2 + 1 - 1. Calculate d(-4).
0
Suppose -z = -h, -5*h - 50 = -z + 6*z. Let y(f) = -2*f**2 + 2*f - 6. Let d(i) = -3*i**2 + 3*i - 11. Let a(t) = z*y(t) + 3*d(t). Give a(-3).
9
Let x(q) = 23*q + 6. Let u(h) = 11*h + 3. Let r(i) = -13*u(i) + 6*x(i). What is r(-2)?
7
Let u(t) = -23*t - 20. Let o(c) = 8*c + 7. Let v(r) = 17*o(r) + 6*u(r). Let p(s) = -2*s**2 - 4*s - 2. Let x be p(-2). Determine v(x).
3
Let o(b) = b**3 + 3*b**2 + 2. Let h(q) = -q**3 + 5*q**2 - 4*q. Let x be h(3). Let v be (1/(-2))/(2*(-2)/32). Let a = v - x. What is o(a)?
6
Suppose -2*r + 3 = -3. Let q(v) = v - r*v + 0 + 3*v + 4. Suppose 0 = p + x + 2, 0*p - 10 = 3*p + 5*x. Calculate q(p).
4
Let x(k) = k + 1. Let b be x(5). Let s(v) = v**2 - 6*v + 9. Determine s(b).
9
Let g(p) = -9*p - 1. Let b(z) = 10*z + 1. Let a(w) = -4*b(w) - 5*g(w). Suppose -2*m = -2*f - 2, 5*f = 4*m - 2 - 1. Let u be (-2 + m + 1)/(-1). Determine a(u).
-4
Let f(r) = -r**3 - 6*r**2 + 19*r + 20. Let k be f(-8). Let t(n) = -n**2 - 3*n - 3. What is t(k)?
-7
Let y(f) = -f**3 - 5*f**2 - 3. Suppose -4 = 2*u - 20. Let x be 2*10*(-2)/u. Give y(x).
-3
Let a(o) = -o**2 - 3*o + 1. Let t be a(-3). Let r(q) = 1. Let l(j) = -j**2 + 6*j - 3. Let g(i) = t*r(i) + l(i). What is g(4)?
6
Let t(r) be the second derivative of -r**5/20 + r**4/3 + r**3 - 7*r**2/2 + r. Let c(z) = -z**3 + 5*z**2 - 4. Let n be c(4). Suppose -3*g + n = -3. What is t(g)?
-2
Let f(v) = 4*v**2 + 1. Let g be f(1). Let t(x) = x - 10. Let j(c) = 3*c - 20. Let s(i) = g*t(i) - 2*j(i). What is s(0)?
-10
Let r(l) be the third derivative of -l**6/120 - l**5/20 - l**3/6 + 4*l**2. Give r(-4).
15
Suppose -2*f + 3*f = -6. Let j(x) = 7*x - 9. Let z(t) = -t. Let m(k) = f*z(k) - j(k). Suppose 4*c + c - 20 = 0. Give m(c).
5
Let q(n) = -n**2 - 5*n - 6. Let d be q(-3). Let h(f) = f**2 + 9. Give h(d).
9
Let g(c) = -c**2 - 4*c - 2. Suppose f = 5*f + 4*a, 2*f + 12 = a. Give g(f).
-2
Let q(j) be the first derivative of -8/3*j**3 + 5 + 12*j - j**2 + 1/4*j**4. Calculate q(8).
-4
Let w(d) = -d**3 - 6*d**2 + d + 5. Let i be w(-6). Let c be ((i + 1)/1)/1. Let g(f) = -f**2 - 5. Determine g(c).
-5
Let k(q) = -q**3 + 1. Let s be k(-1). Let r be -8*2/(-8)*s. Let o(j) = -4*j - 12*j**2 + j + 11*j**2 + 1 + 5*j. What is o(r)?
-7
Let w(c) = -1 - c**3 - 4*c**2 + 2*c**3 + 2 + 0. What is w(2)?
-7
Let y(i) = i**3 + 5*i**2 + 4*i - 3. Suppose -2*z - 1 - 7 = 0. What is y(z)?
-3
Let u(z) = -2*z + 1. Let g(k) = -6*k + 4. Let h be (1 - 0)/2*-14. Let o(n) = h*u(n) + 2*g(n). What is o(-4)?
-7
Let x(l) = -18*l**2 - 2*l - 1. Let w = -36 - -35. What is x(w)?
-17
Suppose 0 = h - 2*h - 4. Let u = h - -7. Suppose t - 4*m = 2*t + 12, 2*t - u*m = -2. Let p(a) = a**3 + 3*a**2 - 6*a - 4. What is p(t)?
4
Let y(c) = 5*c - 3. Let g(x) be the first derivative of -x**3/3 - 4*x**2 - 5*x - 7. Let i be -2*(-2)/4 + -8. Let b be g(i). Give y(b).
7
Suppose 0 = -4*i + 4 + 4. Let n(y) = -y**2 + 5*y - 2 - i - y. Let v(s) = s**2. Let w be v(2). Calculate n(w).
-4
Let l(r) = 11*r**2 - 14*r + 1. Let o(k) = 7*k**2 - 9*k + 1. Let y(v) = -5*l(v) + 8*o(v). Let x be ((-13)/(-5))/(1/5). Let b = x - 10. Determine y(b).
6
Let u be (-10)/15 + 70/6. Let b(y) = -y**2 + 1 - u*y + 10*y - 1. Determine b(2).
-6
Let m(t) = t**3 + 5*t**2 - 4*t + 8. Let v(c) = c**2 + 2*c - 2*c**2 - 4*c + 2. Let h be v(-4). Determine m(h).
-4
Let x = 2 - -1. Let v = -8 + x. Let z(l) be the first derivative of -l**4/4 - 2*l**3 - 2*l**2 + 6*l - 2. Determine z(v).
1
Let s(p) = -5*p**3 - 26*p**2 + 4*p - 15. Let c(m) = 2*m**3 + 9*m**2 - m + 5. Let q be (-35)/11 + 16/88. Let f(y) = q*s(y) - 8*c(y). Calculate f(5).
10
Let m(z) be the third derivative of -z**6/120 + z**5/10 - 5*z**4/24 + 5*z**3/6 - 4*z**2. What is m(5)?
5
Let k = 2 - 5. Let w(b) = -3*b - 3. Let a(v) = -3*v - 3. Let m(x) = 4*a(x) - 5*w(x). Determine m(k).
-6
Let t(j) = j**3 + 10*j**2 + j + 4. Let d